t common factor of 2937 and 4157637?
33
Calculate the greatest common factor of 32049809 and 11.
11
Calculate the greatest common factor of 1706 and 24798416.
1706
Calculate the highest common divisor of 68328855 and 504.
63
What is the highest common factor of 38934 and 9213247?
103
Calculate the greatest common factor of 20241 and 64662.
39
Calculate the greatest common factor of 71388 and 149418.
54
Calculate the highest common divisor of 346096 and 1222976.
1552
What is the greatest common factor of 2939978 and 9424?
62
What is the highest common factor of 6683 and 1172764?
41
What is the highest common factor of 472 and 3611567?
59
Calculate the greatest common factor of 56299644 and 2701.
2701
What is the highest common factor of 224555 and 755339?
97
Calculate the greatest common divisor of 61002081 and 6363.
6363
What is the greatest common factor of 195991380 and 10530?
3510
Calculate the greatest common factor of 125 and 2673677.
1
What is the greatest common factor of 1736 and 7801384?
8
Calculate the greatest common divisor of 65 and 50171329.
13
Calculate the greatest common factor of 54 and 42639021.
27
Calculate the highest common divisor of 564 and 2335668.
12
What is the highest common factor of 13 and 93729246?
13
What is the highest common divisor of 760 and 644051360?
760
Calculate the greatest common factor of 950 and 181802830.
190
Calculate the highest common divisor of 67045 and 38745915.
6095
Calculate the greatest common factor of 15930 and 2257930.
590
Calculate the greatest common divisor of 246180 and 5010.
30
Calculate the greatest common divisor of 158544405 and 3105.
3105
What is the greatest common factor of 195 and 4576875?
15
Calculate the greatest common factor of 353344936 and 112.
56
Calculate the greatest common factor of 271287 and 133891.
701
Calculate the greatest common divisor of 6400 and 2398400.
1600
What is the highest common divisor of 1415 and 354354771?
283
Calculate the highest common factor of 56571362 and 470.
94
What is the greatest common factor of 2448 and 368492?
68
What is the greatest common divisor of 99172 and 76?
4
Calculate the greatest common factor of 299055456 and 8668.
788
What is the greatest common divisor of 195 and 5246046?
39
What is the highest common factor of 160083 and 23837?
121
What is the greatest common factor of 1323 and 4839408?
63
What is the highest common divisor of 1991660 and 2992?
44
Calculate the greatest common factor of 21436624 and 16368.
5456
What is the highest common factor of 4867 and 7360609?
31
What is the highest common divisor of 158107 and 90761?
223
Calculate the highest common divisor of 291470405 and 634.
317
What is the highest common divisor of 75036336 and 48?
48
Calculate the greatest common factor of 4707 and 146768967.
4707
What is the highest common divisor of 162 and 5997402?
162
What is the highest common divisor of 182549752 and 616?
616
Calculate the greatest common divisor of 1208 and 1662.
2
Calculate the greatest common factor of 19525 and 380442850.
1775
What is the highest common divisor of 72204881 and 98?
49
What is the greatest common factor of 203 and 71154023?
29
Calculate the highest common factor of 198 and 3009024.
18
What is the greatest common divisor of 61 and 349846102?
61
What is the highest common factor of 4248 and 48397995?
531
Calculate the greatest common divisor of 64 and 120589040.
16
What is the highest common factor of 52374 and 335726069?
8729
What is the highest common divisor of 1087202 and 26?
2
What is the highest common divisor of 390 and 11490?
30
Calculate the greatest common divisor of 102942 and 8043021.
2709
Calculate the highest common factor of 250826 and 10790.
166
Calculate the greatest common factor of 1268489 and 39933.
493
Calculate the highest common factor of 949531766 and 1354.
1354
What is the greatest common divisor of 61830216 and 35604?
1548
What is the greatest common factor of 7886868 and 1391511?
4917
Calculate the highest common divisor of 9 and 378577485.
9
Calculate the greatest common divisor of 269 and 57424775.
269
What is the greatest common divisor of 3704358 and 26757?
2973
Calculate the greatest common divisor of 59909492 and 948.
316
What is the greatest common factor of 48 and 36695616?
48
What is the highest common divisor of 11149230 and 100890?
1770
What is the highest common divisor of 5698819 and 302099?
2933
Calculate the greatest common divisor of 957954228 and 660.
132
Calculate the greatest common factor of 145798 and 1112184.
542
What is the greatest common factor of 53067 and 1597449?
147
What is the greatest common divisor of 10873522 and 1760?
22
Calculate the greatest common factor of 110 and 119403383.
11
Calculate the highest common divisor of 2627 and 146063827.
2627
Calculate the greatest common factor of 5401441 and 2191.
313
What is the highest common factor of 1585077 and 677157?
3783
Calculate the greatest common divisor of 186 and 995565.
93
Calculate the highest common divisor of 11 and 58942994.
11
What is the greatest common divisor of 336 and 10166632?
56
Calculate the greatest common divisor of 1971292 and 584.
292
What is the greatest common divisor of 860 and 394160?
20
Calculate the highest common divisor of 203820 and 102684.
516
What is the highest common divisor of 3282965 and 6111?
679
What is the highest common factor of 128 and 12585088?
128
Calculate the highest common factor of 9292738 and 910.
182
Calculate the highest common factor of 3441660 and 750.
30
What is the highest common factor of 13381619 and 197?
197
What is the highest common factor of 29442343 and 4053?
1351
Calculate the highest common factor of 2464450752 and 11712.
11712
What is the highest common divisor of 30171 and 8520087?
339
What is the greatest common divisor of 646 and 56568206?
38
What is the highest common divisor of 4443396 and 1857100?
1516
Calculate the highest common factor of 75 and 25704225.
75
What is the greatest common divisor of 10785 and 18261162?
2157
What is the greatest common divisor of 1906410883 and 13?
13
What is the greatest common divisor of 1839996 and 117?
9
What is the highest common factor of 1278 and 526678?
142
What is the highest common divisor of 28 and 623376?
4
Calculate the greatest common factor of 7 and 1748054.
7
Calculate the greatest common divisor of 1143243 and 1746.
9
What is the greatest common divisor of 285822 and 4518882?
3618
Calculate the highest common divisor of 710 and 503460.
10
Calculate the highest common divisor of 4858 and 18893.
7
What is the greatest common factor of 11426946 and 2706?
246
What is the highest common factor of 22 and 868726?
2
Calculate the greatest common factor of 1024635 and 178035.
1245
Calculate the greatest common factor of 414068 and 739892.
6788
What is the greatest common divisor of 1984 and 339712?
64
What is the highest common divisor of 3473269880 and 40?
40
Calculate the greatest common divisor of 615 and 20587986.
123
What is the greatest common factor of 5544 and 491778?
126
What is the greatest common factor of 574 and 16647804?
82
Calculate the greatest common divisor of 474701 and 58.
29
What is the highest common factor of 181465832 and 24?
8
What is the greatest common divisor of 1095 and 4896840?
1095
What is the highest common factor of 193514790 and 28?
14
Calculate the highest common factor of 2445 and 3202515.
15
What is the highest common factor of 1414998 and 6084?
234
Calculate the highest common factor of 26 and 3356704.
26
What is the greatest common divisor of 5184480 and 15120?
1680
What is the highest common factor of 4053 and 9746114?
1351
Calculate the highest common divisor of 27397774 and 134.
134
What is the greatest common factor of 449252 and 372?
124
What is the greatest common factor of 625 and 1765?
5
What is the greatest common divisor of 55 and 49998905?
55
Calculate the highest common factor of 23311360 and 232.
232
What is the highest common factor of 4107506 and 2312?
34
What is the greatest common factor of 475335189 and 6363?
6363
Calculate the greatest common factor of 61253279 and 19956.
1663
Calculate the greatest common factor of 9 and 4856633.
1
Calculate the highest common factor of 55054319 and 387.
43
What is the gre